 number?
False
Is 16787 a prime number?
True
Is 25903 a prime number?
True
Is 1459217 composite?
False
Is 27329 composite?
False
Is 12346 composite?
True
Is 40063 prime?
True
Is 967 prime?
True
Is 3433 composite?
False
Is 3127 composite?
True
Is 3155 a prime number?
False
Is 34249 prime?
False
Is 587 a prime number?
True
Is 31751 composite?
False
Is 47219 a prime number?
False
Is 73729 a composite number?
True
Is 779511 prime?
False
Is 247901 prime?
True
Is 12115 a composite number?
True
Is 19939 composite?
True
Is 669 a composite number?
True
Is 40739 composite?
False
Is 53069 prime?
True
Is 89027 composite?
True
Is 334198 prime?
False
Is 93715 a composite number?
True
Is 346583 prime?
False
Is 723769 a prime number?
False
Is 1316657 a composite number?
False
Is 22465 prime?
False
Is 156467 prime?
True
Is 2179 a composite number?
False
Is 80561 a composite number?
True
Is 15967 a composite number?
True
Is 31497 a composite number?
True
Is 99511 composite?
True
Is 271059 a composite number?
True
Is 16537 a prime number?
False
Is 3313 a prime number?
True
Is 35273 a prime number?
False
Is 22331 prime?
False
Is 270653 a prime number?
True
Is 49277 a prime number?
True
Is 2633 prime?
True
Is 10243 composite?
False
Is 109787 a composite number?
True
Is 1081267 prime?
False
Is 4201 prime?
True
Is 53645 composite?
True
Is 88547 a prime number?
True
Is 19961 prime?
True
Is 5935 composite?
True
Is 4751 composite?
False
Is 6467 prime?
False
Is 70799 prime?
False
Is 97211 prime?
False
Is 3511 a prime number?
True
Is 540587 prime?
True
Is 299749 prime?
True
Is 141357 a prime number?
False
Is 117203 a prime number?
True
Is 673 composite?
False
Is 1043 a prime number?
False
Is 35911 prime?
True
Is 2717623 a prime number?
True
Is 95651 a prime number?
True
Is 9923 a composite number?
False
Is 56555 a composite number?
True
Is 1466761 a composite number?
True
Is 2749 composite?
False
Is 75869 a composite number?
False
Is 349007 a prime number?
True
Is 74551 prime?
True
Is 5507 composite?
False
Is 5855 a composite number?
True
Is 9983 prime?
False
Is 42509 a composite number?
False
Is 2503 prime?
True
Is 537429 composite?
True
Is 3046 a composite number?
True
Is 183907 a composite number?
False
Is 42079 prime?
False
Is 9029 a prime number?
True
Is 53589 a composite number?
True
Is 22397 prime?
True
Is 4553 composite?
True
Is 19661 a prime number?
True
Is 98689 composite?
False
Is 2531 a composite number?
False
Is 125777 a prime number?
True
Is 1204881 a composite number?
True
Is 3163 prime?
True
Is 40226 composite?
True
Is 13259 a composite number?
False
Is 209809 composite?
False
Is 63943 a composite number?
True
Is 5636743 a composite number?
True
Is 56843 prime?
True
Is 42863 composite?
False
Is 16961 prime?
False
Is 60545 a composite number?
True
Is 6131 composite?
False
Is 140159 a composite number?
False
Is 1923 prime?
False
Is 223891 a composite number?
True
Is 3719 a composite number?
False
Is 138017 a composite number?
True
Is 9941 a composite number?
False
Is 9587 composite?
False
Is 1243 a prime number?
False
Is 619 prime?
True
Is 28201 prime?
True
Is 33547 a prime number?
True
Is 113683 a prime number?
True
Is 920611 a composite number?
True
Is 10817 a composite number?
True
Is 111253 composite?
False
Is 70367 prime?
False
Is 512223 prime?
False
Is 88721 composite?
False
Is 485201 prime?
True
Is 237127 prime?
False
Is 25573 a composite number?
True
Is 6736897 a composite number?
False
Is 9901 a composite number?
False
Is 31991 composite?
False
Is 107563 a prime number?
True
Is 2437 a prime number?
True
Is 1120529 prime?
True
Is 95671 prime?
False
Is 514322 prime?
False
Is 8779 a composite number?
False
Is 25969 prime?
True
Is 9913 composite?
True
Is 14519 a prime number?
True
Is 1561 prime?
False
Is 36523 composite?
False
Is 68119 composite?
True
Is 229435 prime?
False
Is 5737 a composite number?
False
Is 9661 prime?
True
Is 94531 a composite number?
False
Is 36383 composite?
False
Is 73999 a composite number?
False
Is 663177 a prime number?
False
Is 67 prime?
True
Is 71879 prime?
True
Is 674473 a prime number?
False
Is 1082969 a prime number?
True
Is 670849 composite?
False
Is 17677 a prime number?
False
Is 276221 a prime number?
False
Is 207577 composite?
True
Is 124385 prime?
False
Is 2559 a composite number?
True
Is 98939 a composite number?
False
Is 31379 a prime number?
True
Is 2647 prime?
True
Is 41161 composite?
False
Is 6313 a prime number?
False
Is 500323 composite?
True
Is 14143 a prime number?
True
Is 22955 a prime number?
False
Is 149 prime?
True
Is 36341 a prime number?
True
Is 944003 a prime number?
True
Is 3346219 prime?
True
Is 265313 prime?
True
Is 450929 a prime number?
True
Is 41057 a prime number?
True
Is 1656103 a prime number?
False
Is 31403 a composite number?
True
Is 13989 a prime number?
False
Is 129235 a prime number?
False
Is 50231 a prime number?
True
Is 13199 a composite number?
True
Is 11299 a composite number?
False
Is 271531 a prime number?
False
Is 5281597 a composite number?
False
Is 1249727 prime?
True
Is 102293 a prime number?
True
Is 275813 composite?
False
Is 743 a prime number?
True
Is 36187 composite?
False
Is 2959 a prime number?
False
Is 32987 a prime number?
True
Is 255173 prime?
True
Is 107137 prime?
True
Is 153931 prime?
False
Is 484187 a composite number?
True
Is 1186903 prime?
False
Is 2333 composite?
False
Is 4357 composite?
False
Is 101069 a prime number?
False
Is 99011 composite?
True
Is 16945 a prime number?
False
Is 3683 a composite number?
True
Is 2179 composite?
False
Is 6455555 prime?
False
Is 3407 a composite number?
False
Is 19913 composite?
False
Is 527909 composite?
False
Is 3347341 composite?
False
Is 1364569 a composite number?
False
Is 18427 a composite number?
False
Is 6017 prime?
False
Is 58217 prime?
True
Is 1847 a composite number?
False
Is 67729 prime?
False
Is 683609 composite?
True
Is 68345 prime?
False
Is 3079 prime?
True
Is 6469 a composite number?
False
Is 27941 prime?
True
Is 304301 a composite number?
False
Is 44071 a prime number?
True
Is 1384829 a composite number?
False
Is 14119 a prime number?
False
Is 1195333 composite?
True
Is 411799 composite?
False
Is 87991 a prime number?
True
Is 251 a prime number?
True
Is 506435 prime?
False
Is 49163 composite?
True
Is 82651 composite?
False
Is 14107 composite?
False
Is 1449209 prime?
True
Is 146437 a composite number?
False
Is 74771 composite?
False
Is 476347 a composite number?
False
Is 78947 a prime number?
False
Is 505759 a prime number?
True
Is 5933 prime?
False
Is 18859 a prime number?
True
Is 871061 a composite number?
False
Is 627313 a composite number?
True
Is 61127 a prime number?
False
Is 7061 a prime number?
False
Is 370679 a composite number?
False
Is 43661 composite?
False
Is 101267 a composite number?
False
Is 240815 a composite number?
True
Is 22241 a composite number?
True
Is 64789 a prime number?
False
Is 793487 a prime number?
True
Is 509281 composite?
False
Is 60547 a prime number?
False
Is 12629 a composite number?
True
Is 1335683 composite?
False
Is 3941 prime?
False
Is 64849 prime?
True
Is 24155 composite?
True
Is 72109 a composite number?
False
Is 6973 a prime number?
False
Is 1727563 a composite number?
False
Is 378977 a composite number?
False
Is 798997 prime?
False
Is 4861 a composite number?
False
Is 105319 prime?
True
Is 3343 a prime number?
True
Is 89651 a prime number?
False
Is 1245977 a prime number?
False
Is 129341 a prime number?
True
Is 1863011 prime?
True
Is 962959 a prime number?
True
Is 1723745 a prime number?
False
Is 921989 composite?
False
Is 4547 composite?
False
Is 15931 prime?
False
Is 132001 prime?
True
Is 92921 prime?
True
Is 889 prime?
False
Is 451291 prime?
False
Is 101077 composite?
True
Is 181411 a prime number?
False
Is 125497 a composite number?
False
Is 216091 composite?
False
Is 11591 prime?
False
Is 11829 a composite number?
True
Is 261245 a composite number?
True
Is 14633 prime?
True
Is 32127 a composite number?
True
Is 6211 prime?
True
Is 658761 composite?
True
Is 161114 a composite number?
True
Is 33679 prime?
True
Is 5711 a composite number?
False
Is 484111 a prime number?
True
Is 9311 composite?
False
Is 11863 a prime number?
True
Is 47501 a composite number?
False
